{"id":685,"date":"2018-03-15T14:41:56","date_gmt":"2018-03-15T14:41:56","guid":{"rendered":"http:\/\/rando-quad19.fr\/?page_id=685"},"modified":"2021-01-13T17:41:16","modified_gmt":"2021-01-13T17:41:16","slug":"685-2","status":"publish","type":"page","link":"http:\/\/rando-quad19.fr\/?page_id=685","title":{"rendered":"Raid 4 jours"},"content":{"rendered":"<h3>raid&nbsp;4 jours<\/h3>\n<div>&nbsp;Possibilit\u00e9 de cumuler plusieurs randos pour faire votre raid du nombre de jours que vous souhaitez .exemple la rando des sentier plus les balcon de la Dordogne vous fait un raid de 4 jours des sources au dernier barrage de la Dordogne.<\/div>\n<div>Devis sur demande suivant le nombre de jours et de participants.Rando \u00e0 d\u00e9finir avec vous selon vos gouts.<\/div>\n<div>Exemple 4 jours de rando en pension compl\u00e8te ( 3 nuits, petits d\u00e9j, 4 repas midi et 3 soirs)<\/div>\n<div>je reste a votres dispositions pour plus d&#8217;information<\/div>\n<div><strong>Tarif: 510 hors carburant et 355\u20ac par passager<\/strong><\/div>\n\n\n<h2 class=\"wp-block-heading\">raid des 5 d\u00e9partements<\/h2>\n\n\n\n<p> Au d\u00e9part d&#8217; USSEL en Corr\u00e8ze le 1er jour nous traverserons la Creuse et le plateau de millevaches pour rejoindre Marcillat en Combraille dans le 03. Nuit en chalet, d\u00eener et petit d\u00e9jeuner sur place .<\/p>\n\n\n\n<p>Le lendemain nous partons direction le pied du Puy de D\u00f4me pour retrouver le lac Chambon(63)nuit \u00e0 l&#8217;h\u00f4tel ainsi que le d\u00eener et petit d\u00e9j;<\/p>\n\n\n\n<p>Le 3e jour direction le Cantal avec ses chemins plut\u00f4t techniques pour rejoindre l&#8217;hotel du midi de Saint Geneix , d\u00eener nuit et petit d\u00e9j;<\/p>\n\n\n\n<p>Le 4e jour , un bout de Cantal puis la Corr\u00e8ze pour revenir au point de d\u00e9part au g\u00eete de la grange du bos \u00e0 Ussel.Possibilit\u00e9 de nuit suppl\u00e9mentaire dans ce m\u00eame gite (50 euros avec d\u00eener,nuit et petit d\u00e9j)Tous les repas du midi sont inclus en restaurants du terroir <br>Tarif de la rando:<br>510 euros pour le pilote et 355\u20ac pour le passager je reste \u00e0 votre disposition pour plus d&#8217;informations <br><br><\/p>\n\n\n\n<p><\/p>\n","protected":false},"excerpt":{"rendered":"<p>raid&nbsp;4 jours &nbsp;Possibilit\u00e9 de cumuler plusieurs randos pour faire votre raid du nombre de jours que vous souhaitez .exemple la rando des sentier plus les balcon de la Dordogne vous fait un raid de 4 jours des sources au dernier barrage de la Dordogne. Devis sur demande suivant le nombre de jours et de participants.Rando [&hellip;]<\/p>\n","protected":false},"author":1,"featured_media":702,"parent":681,"menu_order":0,"comment_status":"closed","ping_status":"closed","template":"","meta":{"saved_in_kubio":false,"footnotes":""},"class_list":["post-685","page","type-page","status-publish","has-post-thumbnail","hentry"],"yoast_head":"<!-- This site is optimized with the Yoast SEO plugin v20.2.1 - https:\/\/yoast.com\/wordpress\/plugins\/seo\/ -->\n<title>Raid 4 jours - Rando-Moto-Quad19<\/title>\n<meta name=\"robots\" content=\"index, follow, max-snippet:-1, max-image-preview:large, max-video-preview:-1\" \/>\n<link rel=\"canonical\" href=\"https:\/\/rando-quad19.fr\/?page_id=685\" \/>\n<meta property=\"og:locale\" content=\"fr_FR\" \/>\n<meta property=\"og:type\" content=\"article\" \/>\n<meta property=\"og:title\" content=\"Raid 4 jours - Rando-Moto-Quad19\" \/>\n<meta property=\"og:description\" content=\"raid&nbsp;4 jours &nbsp;Possibilit\u00e9 de cumuler plusieurs randos pour faire votre raid du nombre de jours que vous souhaitez .exemple la rando des sentier plus les balcon de la Dordogne vous fait un raid de 4 jours des sources au dernier barrage de la Dordogne. Devis sur demande suivant le nombre de jours et de participants.Rando [&hellip;]\" \/>\n<meta property=\"og:url\" content=\"https:\/\/rando-quad19.fr\/?page_id=685\" \/>\n<meta property=\"og:site_name\" content=\"Rando-Moto-Quad19\" \/>\n<meta property=\"article:modified_time\" content=\"2021-01-13T17:41:16+00:00\" \/>\n<meta property=\"og:image\" content=\"https:\/\/rando-quad19.fr\/wp-content\/uploads\/2018\/03\/20171111_153548-scaled.jpg\" \/>\n\t<meta property=\"og:image:width\" content=\"2560\" \/>\n\t<meta property=\"og:image:height\" content=\"1920\" \/>\n\t<meta property=\"og:image:type\" content=\"image\/jpeg\" \/>\n<meta name=\"twitter:card\" content=\"summary_large_image\" \/>\n<meta name=\"twitter:label1\" content=\"Dur\u00e9e de lecture estim\u00e9e\" \/>\n\t<meta name=\"twitter:data1\" content=\"1 minute\" \/>\n<script type=\"application\/ld+json\" class=\"yoast-schema-graph\">{\"@context\":\"https:\/\/schema.org\",\"@graph\":[{\"@type\":\"WebPage\",\"@id\":\"https:\/\/rando-quad19.fr\/?page_id=685\",\"url\":\"https:\/\/rando-quad19.fr\/?page_id=685\",\"name\":\"Raid 4 jours - Rando-Moto-Quad19\",\"isPartOf\":{\"@id\":\"https:\/\/rando-quad19.fr\/#website\"},\"datePublished\":\"2018-03-15T14:41:56+00:00\",\"dateModified\":\"2021-01-13T17:41:16+00:00\",\"breadcrumb\":{\"@id\":\"https:\/\/rando-quad19.fr\/?page_id=685#breadcrumb\"},\"inLanguage\":\"fr-FR\",\"potentialAction\":[{\"@type\":\"ReadAction\",\"target\":[\"https:\/\/rando-quad19.fr\/?page_id=685\"]}]},{\"@type\":\"BreadcrumbList\",\"@id\":\"https:\/\/rando-quad19.fr\/?page_id=685#breadcrumb\",\"itemListElement\":[{\"@type\":\"ListItem\",\"position\":1,\"name\":\"Accueil\",\"item\":\"https:\/\/rando-quad19.fr\/\"},{\"@type\":\"ListItem\",\"position\":2,\"name\":\"Nos Raids\",\"item\":\"https:\/\/rando-quad19.fr\/?page_id=681\"},{\"@type\":\"ListItem\",\"position\":3,\"name\":\"Raid 4 jours\"}]},{\"@type\":\"WebSite\",\"@id\":\"https:\/\/rando-quad19.fr\/#website\",\"url\":\"https:\/\/rando-quad19.fr\/\",\"name\":\"Rando-Moto-Quad19\",\"description\":\"Cr\u00e9ateur d&#039;\u00e9motion en Haute Corr\u00e8ze\",\"potentialAction\":[{\"@type\":\"SearchAction\",\"target\":{\"@type\":\"EntryPoint\",\"urlTemplate\":\"https:\/\/rando-quad19.fr\/?s={search_term_string}\"},\"query-input\":\"required name=search_term_string\"}],\"inLanguage\":\"fr-FR\"}]}<\/script>\n<!-- \/ Yoast SEO plugin. -->","yoast_head_json":{"title":"Raid 4 jours - Rando-Moto-Quad19","robots":{"index":"index","follow":"follow","max-snippet":"max-snippet:-1","max-image-preview":"max-image-preview:large","max-video-preview":"max-video-preview:-1"},"canonical":"https:\/\/rando-quad19.fr\/?page_id=685","og_locale":"fr_FR","og_type":"article","og_title":"Raid 4 jours - Rando-Moto-Quad19","og_description":"raid&nbsp;4 jours &nbsp;Possibilit\u00e9 de cumuler plusieurs randos pour faire votre raid du nombre de jours que vous souhaitez .exemple la rando des sentier plus les balcon de la Dordogne vous fait un raid de 4 jours des sources au dernier barrage de la Dordogne. Devis sur demande suivant le nombre de jours et de participants.Rando [&hellip;]","og_url":"https:\/\/rando-quad19.fr\/?page_id=685","og_site_name":"Rando-Moto-Quad19","article_modified_time":"2021-01-13T17:41:16+00:00","og_image":[{"width":2560,"height":1920,"url":"https:\/\/rando-quad19.fr\/wp-content\/uploads\/2018\/03\/20171111_153548-scaled.jpg","type":"image\/jpeg"}],"twitter_card":"summary_large_image","twitter_misc":{"Dur\u00e9e de lecture estim\u00e9e":"1 minute"},"schema":{"@context":"https:\/\/schema.org","@graph":[{"@type":"WebPage","@id":"https:\/\/rando-quad19.fr\/?page_id=685","url":"https:\/\/rando-quad19.fr\/?page_id=685","name":"Raid 4 jours - Rando-Moto-Quad19","isPartOf":{"@id":"https:\/\/rando-quad19.fr\/#website"},"datePublished":"2018-03-15T14:41:56+00:00","dateModified":"2021-01-13T17:41:16+00:00","breadcrumb":{"@id":"https:\/\/rando-quad19.fr\/?page_id=685#breadcrumb"},"inLanguage":"fr-FR","potentialAction":[{"@type":"ReadAction","target":["https:\/\/rando-quad19.fr\/?page_id=685"]}]},{"@type":"BreadcrumbList","@id":"https:\/\/rando-quad19.fr\/?page_id=685#breadcrumb","itemListElement":[{"@type":"ListItem","position":1,"name":"Accueil","item":"https:\/\/rando-quad19.fr\/"},{"@type":"ListItem","position":2,"name":"Nos Raids","item":"https:\/\/rando-quad19.fr\/?page_id=681"},{"@type":"ListItem","position":3,"name":"Raid 4 jours"}]},{"@type":"WebSite","@id":"https:\/\/rando-quad19.fr\/#website","url":"https:\/\/rando-quad19.fr\/","name":"Rando-Moto-Quad19","description":"Cr\u00e9ateur d&#039;\u00e9motion en Haute Corr\u00e8ze","potentialAction":[{"@type":"SearchAction","target":{"@type":"EntryPoint","urlTemplate":"https:\/\/rando-quad19.fr\/?s={search_term_string}"},"query-input":"required name=search_term_string"}],"inLanguage":"fr-FR"}]}},"kubio_ai_page_context":{"short_desc":"","purpose":"general"},"jetpack_sharing_enabled":true,"_links":{"self":[{"href":"http:\/\/rando-quad19.fr\/index.php?rest_route=\/wp\/v2\/pages\/685","targetHints":{"allow":["GET"]}}],"collection":[{"href":"http:\/\/rando-quad19.fr\/index.php?rest_route=\/wp\/v2\/pages"}],"about":[{"href":"http:\/\/rando-quad19.fr\/index.php?rest_route=\/wp\/v2\/types\/page"}],"author":[{"embeddable":true,"href":"http:\/\/rando-quad19.fr\/index.php?rest_route=\/wp\/v2\/users\/1"}],"replies":[{"embeddable":true,"href":"http:\/\/rando-quad19.fr\/index.php?rest_route=%2Fwp%2Fv2%2Fcomments&post=685"}],"version-history":[{"count":7,"href":"http:\/\/rando-quad19.fr\/index.php?rest_route=\/wp\/v2\/pages\/685\/revisions"}],"predecessor-version":[{"id":890,"href":"http:\/\/rando-quad19.fr\/index.php?rest_route=\/wp\/v2\/pages\/685\/revisions\/890"}],"up":[{"embeddable":true,"href":"http:\/\/rando-quad19.fr\/index.php?rest_route=\/wp\/v2\/pages\/681"}],"wp:featuredmedia":[{"embeddable":true,"href":"http:\/\/rando-quad19.fr\/index.php?rest_route=\/wp\/v2\/media\/702"}],"wp:attachment":[{"href":"http:\/\/rando-quad19.fr\/index.php?rest_route=%2Fwp%2Fv2%2Fmedia&parent=685"}],"curies":[{"name":"wp","href":"https:\/\/api.w.org\/{rel}","templated":true}]}}