{"id":970,"date":"2021-01-30T17:10:54","date_gmt":"2021-01-30T17:10:54","guid":{"rendered":"http:\/\/rando-quad19.fr\/?page_id=970"},"modified":"2023-03-31T07:37:06","modified_gmt":"2023-03-31T07:37:06","slug":"accueil","status":"publish","type":"page","link":"http:\/\/rando-quad19.fr\/?page_id=970","title":{"rendered":"Accueil"},"content":{"rendered":"\n<p> Bienvenue chez RandoMotoQuad19 site d\u00e9di\u00e9 \u00e0 la randonn\u00e9e en quad et  randonn\u00e9e en moto dans la magnifique r\u00e9gion de Haute Corr\u00e8ze. <\/p>\n\n\n\n<p>Que vous soyez  d\u00e9butant ou exp\u00e9riment\u00e9, notre \u00e9quipe de guides dipl\u00f4m\u00e9s vous accompagne  pour des moments inoubliables sur les pistes et les chemins de cette  r\u00e9gion sauvage et pr\u00e9serv\u00e9e.<\/p>\n\n\n\n<figure class=\"wp-block-gallery has-nested-images columns-default is-cropped wp-block-gallery-1 is-layout-flex wp-block-gallery-is-layout-flex\">\n<figure class=\"wp-block-image\"><img loading=\"lazy\" decoding=\"async\" width=\"1024\" height=\"768\" data-id=\"1148\" src=\"http:\/\/rando-quad19.fr\/wp-content\/uploads\/2023\/03\/IMG-2492-1024x768.jpg\" alt=\"\" class=\"wp-image-1148\" srcset=\"http:\/\/rando-quad19.fr\/wp-content\/uploads\/2023\/03\/IMG-2492-1024x768.jpg 1024w, http:\/\/rando-quad19.fr\/wp-content\/uploads\/2023\/03\/IMG-2492-600x450.jpg 600w, http:\/\/rando-quad19.fr\/wp-content\/uploads\/2023\/03\/IMG-2492-300x225.jpg 300w, http:\/\/rando-quad19.fr\/wp-content\/uploads\/2023\/03\/IMG-2492-768x576.jpg 768w, http:\/\/rando-quad19.fr\/wp-content\/uploads\/2023\/03\/IMG-2492-216x162.jpg 216w\" sizes=\"auto, (max-width: 1024px) 100vw, 1024px\" \/><\/figure>\n<\/figure>\n\n\n\n<p><br>Partez  \u00e0 la d\u00e9couverte des paysages \u00e9poustouflants de la Haute Corr\u00e8ze, entre  lacs, montagnes, for\u00eats et vall\u00e9es. Nos circuits sont adapt\u00e9s \u00e0 tous les  niveaux et vous permettent de d\u00e9couvrir la r\u00e9gion \u00e0 votre rythme, en  toute s\u00e9curit\u00e9.<\/p>\n\n\n\n<p><br>Nos  guides dipl\u00f4m\u00e9s vous encadrent tout au long de votre randonn\u00e9e et vous font d\u00e9couvrir les plus beaux endroits de la Haute  Corr\u00e8ze, tout en vous garantissant une pratique responsable et respectueuse de la nature. <br><br>Nous  proposons des randonn\u00e9es \u00e0 la journ\u00e9e ou sur plusieurs jours, avec  possibilit\u00e9 de repas et d&#8217;h\u00e9bergement sur place. <\/p>\n\n\n\n<p><br>N&#8217;h\u00e9sitez  pas \u00e0 nous contacter pour r\u00e9server votre randonn\u00e9e en moto ou en quad  dans la r\u00e9gion de Haute Corr\u00e8ze. Nous nous ferons un plaisir de vous  accompagner pour des moments inoubliables de d\u00e9couverte et d&#8217;aventure en  pleine nature.<\/p>\n\n\n\n<figure class=\"wp-block-gallery aligncenter has-nested-images columns-default is-cropped wp-block-gallery-2 is-layout-flex wp-block-gallery-is-layout-flex\">\n<figure class=\"wp-block-image\"><img loading=\"lazy\" decoding=\"async\" width=\"779\" height=\"515\" data-id=\"696\" src=\"http:\/\/rando-quad19.fr\/wp-content\/uploads\/2018\/03\/Correze-UnegabaredanslesgorgesdelaDordogne-web.jpg\" alt=\"\" class=\"wp-image-696\" srcset=\"http:\/\/rando-quad19.fr\/wp-content\/uploads\/2018\/03\/Correze-UnegabaredanslesgorgesdelaDordogne-web.jpg 779w, http:\/\/rando-quad19.fr\/wp-content\/uploads\/2018\/03\/Correze-UnegabaredanslesgorgesdelaDordogne-web-600x397.jpg 600w, http:\/\/rando-quad19.fr\/wp-content\/uploads\/2018\/03\/Correze-UnegabaredanslesgorgesdelaDordogne-web-300x198.jpg 300w, http:\/\/rando-quad19.fr\/wp-content\/uploads\/2018\/03\/Correze-UnegabaredanslesgorgesdelaDordogne-web-768x508.jpg 768w\" sizes=\"auto, (max-width: 779px) 100vw, 779px\" \/><\/figure>\n\n\n\n<figure class=\"wp-block-image\"><img loading=\"lazy\" decoding=\"async\" width=\"1024\" height=\"727\" data-id=\"1157\" src=\"http:\/\/rando-quad19.fr\/wp-content\/uploads\/2023\/03\/ed435134-7e4b-42a6-a029-8643af880e33-1024x727.jpg\" alt=\"\" class=\"wp-image-1157\" srcset=\"http:\/\/rando-quad19.fr\/wp-content\/uploads\/2023\/03\/ed435134-7e4b-42a6-a029-8643af880e33-1024x727.jpg 1024w, http:\/\/rando-quad19.fr\/wp-content\/uploads\/2023\/03\/ed435134-7e4b-42a6-a029-8643af880e33-600x426.jpg 600w, http:\/\/rando-quad19.fr\/wp-content\/uploads\/2023\/03\/ed435134-7e4b-42a6-a029-8643af880e33-300x213.jpg 300w, http:\/\/rando-quad19.fr\/wp-content\/uploads\/2023\/03\/ed435134-7e4b-42a6-a029-8643af880e33-768x545.jpg 768w, http:\/\/rando-quad19.fr\/wp-content\/uploads\/2023\/03\/ed435134-7e4b-42a6-a029-8643af880e33-228x162.jpg 228w, http:\/\/rando-quad19.fr\/wp-content\/uploads\/2023\/03\/ed435134-7e4b-42a6-a029-8643af880e33.jpg 2048w\" sizes=\"auto, (max-width: 1024px) 100vw, 1024px\" \/><\/figure>\n<\/figure>\n\n\n\n<p><\/p>\n\n\n\n<p>Je reste \u00e0 votre disposition pour plus d\u2019informations ou pour adapter votre rando en Corr\u00e8ze et votre destination au 06.48.97.00.01<\/p>\n","protected":false},"excerpt":{"rendered":"<p>Bienvenue chez RandoMotoQuad19 site d\u00e9di\u00e9 \u00e0 la randonn\u00e9e en quad et randonn\u00e9e en moto dans la magnifique r\u00e9gion de Haute Corr\u00e8ze. Que vous soyez d\u00e9butant ou exp\u00e9riment\u00e9, notre \u00e9quipe de guides dipl\u00f4m\u00e9s vous accompagne pour des moments inoubliables sur les pistes et les chemins de cette r\u00e9gion sauvage et pr\u00e9serv\u00e9e. Partez \u00e0 la d\u00e9couverte des [&hellip;]<\/p>\n","protected":false},"author":1,"featured_media":0,"parent":0,"menu_order":0,"comment_status":"closed","ping_status":"closed","template":"","meta":{"saved_in_kubio":false,"footnotes":""},"class_list":["post-970","page","type-page","status-publish","hentry"],"yoast_head":"<!-- This site is optimized with the Yoast SEO plugin v20.2.1 - https:\/\/yoast.com\/wordpress\/plugins\/seo\/ -->\n<title>Accueil - Rando-Moto-Quad19<\/title>\n<meta name=\"description\" content=\"Bienvenue chez RandoMotoQuad19 site d\u00e9di\u00e9 \u00e0 la randonn\u00e9e en moto et randonn\u00e9e en quad dans la magnifique r\u00e9gion de Haute Corr\u00e8ze.\" \/>\n<meta name=\"robots\" content=\"index, follow, max-snippet:-1, max-image-preview:large, max-video-preview:-1\" \/>\n<link rel=\"canonical\" href=\"http:\/\/rando-quad19.fr\/?page_id=970\" \/>\n<meta property=\"og:locale\" content=\"fr_FR\" \/>\n<meta property=\"og:type\" content=\"article\" \/>\n<meta property=\"og:title\" content=\"Accueil - Rando-Moto-Quad19\" \/>\n<meta property=\"og:description\" content=\"Bienvenue chez RandoMotoQuad19 site d\u00e9di\u00e9 \u00e0 la randonn\u00e9e en moto et randonn\u00e9e en quad dans la magnifique r\u00e9gion de Haute Corr\u00e8ze.\" \/>\n<meta property=\"og:url\" content=\"http:\/\/rando-quad19.fr\/?page_id=970\" \/>\n<meta property=\"og:site_name\" content=\"Rando-Moto-Quad19\" \/>\n<meta property=\"article:modified_time\" content=\"2023-03-31T07:37:06+00:00\" \/>\n<meta property=\"og:image\" content=\"http:\/\/rando-quad19.fr\/wp-content\/uploads\/2023\/03\/IMG-2492-1024x768.jpg\" \/>\n<meta name=\"twitter:card\" content=\"summary_large_image\" \/>\n<meta name=\"twitter:label1\" content=\"Dur\u00e9e de lecture estim\u00e9e\" \/>\n\t<meta name=\"twitter:data1\" content=\"2 minutes\" \/>\n<script type=\"application\/ld+json\" class=\"yoast-schema-graph\">{\"@context\":\"https:\/\/schema.org\",\"@graph\":[{\"@type\":\"WebPage\",\"@id\":\"http:\/\/rando-quad19.fr\/?page_id=970\",\"url\":\"http:\/\/rando-quad19.fr\/?page_id=970\",\"name\":\"Accueil - Rando-Moto-Quad19\",\"isPartOf\":{\"@id\":\"http:\/\/rando-quad19.fr\/#website\"},\"datePublished\":\"2021-01-30T17:10:54+00:00\",\"dateModified\":\"2023-03-31T07:37:06+00:00\",\"description\":\"Bienvenue chez RandoMotoQuad19 site d\u00e9di\u00e9 \u00e0 la randonn\u00e9e en moto et randonn\u00e9e en quad dans la magnifique r\u00e9gion de Haute Corr\u00e8ze.\",\"breadcrumb\":{\"@id\":\"http:\/\/rando-quad19.fr\/?page_id=970#breadcrumb\"},\"inLanguage\":\"fr-FR\",\"potentialAction\":[{\"@type\":\"ReadAction\",\"target\":[\"http:\/\/rando-quad19.fr\/?page_id=970\"]}]},{\"@type\":\"BreadcrumbList\",\"@id\":\"http:\/\/rando-quad19.fr\/?page_id=970#breadcrumb\",\"itemListElement\":[{\"@type\":\"ListItem\",\"position\":1,\"name\":\"Accueil\",\"item\":\"http:\/\/rando-quad19.fr\/\"},{\"@type\":\"ListItem\",\"position\":2,\"name\":\"Accueil\"}]},{\"@type\":\"WebSite\",\"@id\":\"http:\/\/rando-quad19.fr\/#website\",\"url\":\"http:\/\/rando-quad19.fr\/\",\"name\":\"Rando-Moto-Quad19\",\"description\":\"Cr\u00e9ateur d&#039;\u00e9motion en Haute Corr\u00e8ze\",\"potentialAction\":[{\"@type\":\"SearchAction\",\"target\":{\"@type\":\"EntryPoint\",\"urlTemplate\":\"http:\/\/rando-quad19.fr\/?s={search_term_string}\"},\"query-input\":\"required name=search_term_string\"}],\"inLanguage\":\"fr-FR\"}]}<\/script>\n<!-- \/ Yoast SEO plugin. -->","yoast_head_json":{"title":"Accueil - Rando-Moto-Quad19","description":"Bienvenue chez RandoMotoQuad19 site d\u00e9di\u00e9 \u00e0 la randonn\u00e9e en moto et randonn\u00e9e en quad dans la magnifique r\u00e9gion de Haute Corr\u00e8ze.","robots":{"index":"index","follow":"follow","max-snippet":"max-snippet:-1","max-image-preview":"max-image-preview:large","max-video-preview":"max-video-preview:-1"},"canonical":"http:\/\/rando-quad19.fr\/?page_id=970","og_locale":"fr_FR","og_type":"article","og_title":"Accueil - Rando-Moto-Quad19","og_description":"Bienvenue chez RandoMotoQuad19 site d\u00e9di\u00e9 \u00e0 la randonn\u00e9e en moto et randonn\u00e9e en quad dans la magnifique r\u00e9gion de Haute Corr\u00e8ze.","og_url":"http:\/\/rando-quad19.fr\/?page_id=970","og_site_name":"Rando-Moto-Quad19","article_modified_time":"2023-03-31T07:37:06+00:00","og_image":[{"url":"http:\/\/rando-quad19.fr\/wp-content\/uploads\/2023\/03\/IMG-2492-1024x768.jpg"}],"twitter_card":"summary_large_image","twitter_misc":{"Dur\u00e9e de lecture estim\u00e9e":"2 minutes"},"schema":{"@context":"https:\/\/schema.org","@graph":[{"@type":"WebPage","@id":"http:\/\/rando-quad19.fr\/?page_id=970","url":"http:\/\/rando-quad19.fr\/?page_id=970","name":"Accueil - Rando-Moto-Quad19","isPartOf":{"@id":"http:\/\/rando-quad19.fr\/#website"},"datePublished":"2021-01-30T17:10:54+00:00","dateModified":"2023-03-31T07:37:06+00:00","description":"Bienvenue chez RandoMotoQuad19 site d\u00e9di\u00e9 \u00e0 la randonn\u00e9e en moto et randonn\u00e9e en quad dans la magnifique r\u00e9gion de Haute Corr\u00e8ze.","breadcrumb":{"@id":"http:\/\/rando-quad19.fr\/?page_id=970#breadcrumb"},"inLanguage":"fr-FR","potentialAction":[{"@type":"ReadAction","target":["http:\/\/rando-quad19.fr\/?page_id=970"]}]},{"@type":"BreadcrumbList","@id":"http:\/\/rando-quad19.fr\/?page_id=970#breadcrumb","itemListElement":[{"@type":"ListItem","position":1,"name":"Accueil","item":"http:\/\/rando-quad19.fr\/"},{"@type":"ListItem","position":2,"name":"Accueil"}]},{"@type":"WebSite","@id":"http:\/\/rando-quad19.fr\/#website","url":"http:\/\/rando-quad19.fr\/","name":"Rando-Moto-Quad19","description":"Cr\u00e9ateur d&#039;\u00e9motion en Haute Corr\u00e8ze","potentialAction":[{"@type":"SearchAction","target":{"@type":"EntryPoint","urlTemplate":"http:\/\/rando-quad19.fr\/?s={search_term_string}"},"query-input":"required name=search_term_string"}],"inLanguage":"fr-FR"}]}},"kubio_ai_page_context":{"short_desc":"","purpose":"general"},"jetpack_sharing_enabled":true,"_links":{"self":[{"href":"http:\/\/rando-quad19.fr\/index.php?rest_route=\/wp\/v2\/pages\/970","targetHints":{"allow":["GET"]}}],"collection":[{"href":"http:\/\/rando-quad19.fr\/index.php?rest_route=\/wp\/v2\/pages"}],"about":[{"href":"http:\/\/rando-quad19.fr\/index.php?rest_route=\/wp\/v2\/types\/page"}],"author":[{"embeddable":true,"href":"http:\/\/rando-quad19.fr\/index.php?rest_route=\/wp\/v2\/users\/1"}],"replies":[{"embeddable":true,"href":"http:\/\/rando-quad19.fr\/index.php?rest_route=%2Fwp%2Fv2%2Fcomments&post=970"}],"version-history":[{"count":17,"href":"http:\/\/rando-quad19.fr\/index.php?rest_route=\/wp\/v2\/pages\/970\/revisions"}],"predecessor-version":[{"id":1295,"href":"http:\/\/rando-quad19.fr\/index.php?rest_route=\/wp\/v2\/pages\/970\/revisions\/1295"}],"wp:attachment":[{"href":"http:\/\/rando-quad19.fr\/index.php?rest_route=%2Fwp%2Fv2%2Fmedia&parent=970"}],"curies":[{"name":"wp","href":"https:\/\/api.w.org\/{rel}","templated":true}]}}